. Calculate the remainder when h(-46) is divided by 6.
0
Let l(n) = n**3 + 23*n**2 - 36*n - 198. Calculate the remainder when l(-21) is divided by 39.
36
Let i(p) = p**2 - 21*p - 75. Calculate the remainder when i(31) is divided by 25.
10
Let m(u) = 9*u**3 - 5*u**2 + 2*u + 1. Calculate the remainder when 127 is divided by m(2).
13
Let j(r) = -40*r - 72. What is the remainder when j(-15) is divided by 28?
24
Suppose -57 = -2*v - 3*k, -v + 4*k = 2*v - 111. Let j = -28 + 45. Let s = -5 + j. What is the remainder when v is divided by s?
9
Suppose 360 = 2*s + 2*s. Let o = 2577 + -2546. Calculate the remainder when s is divided by o.
28
Let j = 297 - -196. Calculate the remainder when j is divided by 31.
28
Calculate the remainder when (-6)/(-216)*3426 - 4/24 is divided by 6.
5
Suppose 0 = -x - l + 332, 0 = -4*x + 4*l + 418 + 894. What is the remainder when x is divided by 67?
62
Let j = 22 + -17. Suppose 0 = -j*m + m - 4. Let c(o) = -6*o**3 + o + 1. Calculate the remainder when 9 is divided by c(m).
3
Let c = 14 - 6. Let g = c + -4. Let z = 240 + -225. Calculate the remainder when z is divided by g.
3
Let n = -175 + 257. Calculate the remainder when n is divided by 30.
22
Suppose -3*d + 38 = 2*l - 4*l, 40 = 3*d - l. Let c be 6*4 - d/7. Let t = -15 + c. What is the remainder when 27 is divided by t?
6
Suppose 2*f + 192 = 2*j, 5*j - 504 = -0*j - 3*f. Calculate the remainder when 172 is divided by j.
73
What is the remainder when 202 is divided by 23*(3 - 0) - 12?
31
Suppose -s + z - 9 = -3*s, -2 = 2*z. Let v(l) = 8*l**2 - 25*l - 4. What is the remainder when v(4) is divided by s?
4
Let w be (18/10)/(3/10). Suppose -3*x = -w*x - 354. Let q = -79 - x. Calculate the remainder when q is divided by 10.
9
Suppose 5*s - 45 + 10 = 5*v, -5*s - 2*v = -42. Suppose -s = q - 70. Calculate the remainder when q is divided by 9.
8
Suppose -3*j = 0, 0 = 2*q + 4*j + j + 172. Let k = q + 175. Suppose g - v - k = -2*g, 2*v = -g + 32. Calculate the remainder when g is divided by 16.
14
What is the remainder when 64 is divided by ((-1134)/(-315))/((-3)/(-35))?
22
Suppose 324 = 26*h + 142. Let c(b) be the third derivative of -b**5/60 + b**4/24 + 2*b**3 + b**2. Calculate the remainder when c(0) is divided by h.
5
Let w(i) be the first derivative of -43*i**4/4 + i**2/2 + 2*i - 2. Let r(y) = y**2 - y + 8. Calculate the remainder when w(-1) is divided by r(0).
4
Let r(f) = f**3 + 26*f**2 - 25*f + 109. Calculate the remainder when 269 is divided by r(-27).
49
Let q(f) = 9*f**2 - 11*f + 21. Let y(r) = -5*r**2 + 5*r - 11. Let m(s) = 4*q(s) + 7*y(s). Calculate the remainder when 56 is divided by m(11).
27
Calculate the remainder when (2485/(-105))/((-2)/12) is divided by 34.
6
Suppose 2*y = 2*g - 32, 2*g + 25*y = 21*y + 32. What is the remainder when 41 is divided by g?
9
Calculate the remainder when 34 is divided by ((-23)/(-6))/(1264/96 - 13).
11
Suppose -m + 10 = -4*u, -3*m - 4*u + 2 = 4. Suppose -5*y = 2*g - 310, 0 = 5*y - m*g + 5*g - 305. Calculate the remainder when y is divided by 13.
12
Suppose 4*z - 2*z = -6, 2*w + 4*z = 506. What is the remainder when w is divided by 25?
9
Let q(s) = s**2 - 6*s + 3. Let w be q(6). Suppose p + 31 = 4*p - 2*t, w*t - 25 = -2*p. Calculate the remainder when 19 is divided by p.
8
Calculate the remainder when (-10)/(-35) - (2 - (-124)/(-7)) is divided by 10.
6
Let t be (-548)/(-20) + (-4)/10. Let c = t - 20. Calculate the remainder when 12 is divided by c.
5
Let p be 22/(-132) - 374/(-12). Suppose 0 = 7*d - p - 25. Let k = 4 - -19. Calculate the remainder when k is divided by d.
7
Let k = 282 - 222. Calculate the remainder when k is divided by 21.
18
Let y(k) = -k**2 + 11*k - 4. Suppose 0 = 11*z - 52 - 25. Calculate the remainder when y(z) is divided by 7.
3
Suppose 118 = -3*s + 22. Let k = 40 + s. Calculate the remainder when 23 is divided by k.
7
Let l(k) = -k**2 - 15*k + 163. Let g = 79 + -46. What is the remainder when g is divided by l(-22)?
6
Let f = 38 + -28. Suppose -6 = -4*i + f. Suppose -i*q + 32 = 2*d, 0*q - 3*q - 80 = -5*d. Calculate the remainder when d is divided by 9.
7
Suppose 21*j + 240 = 26*j. Suppose -3*a = 0, 4*k - 5*a = j + 88. What is the remainder when 101 is divided by k?
33
Let u(s) = 16*s - 18. Let i be u(6). Suppose -p - i = -4*p. Calculate the remainder when 102 is divided by p.
24
Let r(j) = 119*j**3 + 16*j - 15. What is the remainder when 1076 is divided by r(1)?
116
Suppose -4*t - 43 = -x, -44 = -5*x - 3*t + 56. Calculate the remainder when x is divided by (28/35)/(2/20).
7
Let g = -159 + 217. Calculate the remainder when 345 is divided by g.
55
Let l be (-2)/(-3) + 6776/42. Suppose -t = -4*t + l. Calculate the remainder when t is divided by 82/6 - 2/(-6).
12
Let u = -789 + 899. What is the remainder when u is divided by 24?
14
Let q be 32/28*14/4. Calculate the remainder when (-5)/(-20) - (-215)/q is divided by 4/3*42/4.
12
Let v(l) be the second derivative of -11/12*l**4 + 0 - 1/20*l**5 - 3*l + 13/2*l**2 - 11/6*l**3. Calculate the remainder when 45 is divided by v(-10).
22
Suppose r - 158 = -y - 3*y, 4*y = -5*r + 150. What is the remainder when y is divided by 10?
0
Let i = -16 - -32. Let b(m) = -4*m**2 + 57*m - 14. Let z be b(14). Suppose 2*v - i = -z*v. Calculate the remainder when 13 is divided by v.
5
Suppose 5*o - 110 = -0*o. Calculate the remainder when ((-99)/22)/(2*(-2)/56) is divided by o.
19
Suppose 0 = 61*i - 28*i - 1254. What is the remainder when 100 is divided by i?
24
Suppose 4*k + 48 = 6*s - 2*s, -3*k = 4*s - 27. What is the remainder when 98 is divided by s?
8
Suppose -2*j = 6, 3*t + 59 = 4*t - 2*j. Suppose -4*h + 6*h + o = -3, -h - 18 = -5*o. What is the remainder when t is divided by 3/(-6)*84/h?
11
Suppose -3*i - 84 = -150. Calculate the remainder when 437 is divided by i.
19
Suppose 3*b - 76 = -b - 3*a, -4*b + a + 76 = 0. What is the remainder when 59 is divided by b?
2
Suppose 84*z = -2*v + 89*z + 45, 5*v - 97 = -3*z. Let a = -73 + 110. Calculate the remainder when a is divided by v.
17
Let s(a) be the first derivative of -a**2 - 15*a - 4. What is the remainder when s(-14) is divided by 9?
4
Suppose 0*v = -2*v + 94. What is the remainder when v is divided by (-16)/6*135/(-30)?
11
Let k be ((-1)/(-3))/(6/72). Suppose 5*q + y = 752, 0 = k*y - 2 - 6. Let a = q - 97. What is the remainder when a is divided by 18?
17
Let j(h) = 2*h**2 + h + 1. Suppose 5*a + 208 = -182. Let k = 85 + a. What is the remainder when k is divided by j(-1)?
1
Suppose 37*j - 38*j + 27 = 0. What is the remainder when 67 is divided by j?
13
Let p(l) = -38*l + 655. Calculate the remainder when p(0) is divided by 94.
91
Suppose 2*k + 3 - 13 = 0. Let s(l) = -l**3 - 9*l**2 + 10*l + 14. Suppose 2*o + 9 = -11. Calculate the remainder when s(o) is divided by k.
4
Let p = -2945 + 3113. What is the remainder when p is divided by 39?
12
Let u = -360 - -756. What is the remainder when u is divided by 80?
76
Calculate the remainder when 83 is divided by (-3)/30 + (-82)/(-20).
3
Let g be 152 - (1 - 0/(-2)). Suppose 5*h - 4 = g. Let a = 9 + 7. Calculate the remainder when h is divided by a.
15
Let g(a) = a**2 + 9*a - 19. Suppose 0 = 4*z - 5*i, 4*z = -6*i + 3*i + 32. Calculate the remainder when g(z) is divided by 15.
6
Suppose -d - 1026 = -2*q, -4*q + 1544 = -q - 4*d. What is the remainder when q is divided by 57?
56
Let y(c) = -10*c**3 - 4*c**2 - 27*c - 91. What is the remainder when y(-4) is divided by 7?
5
Suppose 10*i = 275 - 105. Calculate the remainder when 388 is divided by i.
14
Suppose -3*p - 4 = -p. Let o be -6*(p/4 - 4). What is the remainder when 8 is divided by -4 + (o/3 - 2)?
2
Let s(o) = 78*o - 1. Let u be s(1). Calculate the remainder when 12 is divided by 4/14 - (-517)/u.
5
Let g = 4 + 22. Suppose k = -0*k + g. What is the remainder when k is divided by 9?
8
Let y(g) = -4 + 3 + 8*g**2 - 1 + g**3 + 7*g. Let a = 1570 - 1564. What is the remainder when y(-6) is divided by a?
4
Suppose 0 = -7*o - 343 + 1085. Calculate the remainder when o is divided by 27.
25
Let t(p) = p**3 + 24*p**2 + 21*p. Let o(n) = -n**3 - 7*n**2 - 3*n + 12. Let f be o(-5). What is the remainder when t(f) is divided by 12?
10
Suppose -5*t + 5 = -50. Let z(p) = -2*p + 52. What is the remainder when z(10) is divided by t?
10
Let v = 1128 + -3907. 